pose 0*b + 2*b - 4 = 0. Calculate i(b).
-2
Let z(u) = u**2 - 4*u + 6. Let x(q) = -q**2 + 21*q + 42. Let o be x(23). Let i(r) = -r + 1. Let h be i(o). What is z(h)?
11
Let y be -41*4/(-20)*-5. Let l = y + 44. Let k(c) = -3*c**3 + 3*c**2 + 3*c**3 - 2*c**3 + c**3 + 2*c - l. Give k(4).
-11
Suppose -7*v + 18 = -4*v. Suppose 2*w = 10*w - 488. Let x(r) = 6 - w*r + 118*r - 58*r. What is x(v)?
0
Let i(j) be the second derivative of -7*j**3/6 + 2*j**2 + j + 2118. What is i(0)?
4
Let t(k) be the third derivative of -5*k**4/12 + 59*k**3/6 - 1096*k**2. Determine t(5).
9
Let y = -733/1356 - -127/113. Let k(j) be the second derivative of -2/3*j**3 - 1/20*j**5 + 0 - 22*j + 1/2*j**2 - y*j**4. Calculate k(-6).
-11
Let r(g) = -g**2 - 1. Let u(p) = -p**3 + 3*p**2 + 5*p + 8. Let n(z) = -2*z**2 - 11*z - 16. Let w be n(-3). Let i(h) = w*u(h) + r(h). What is i(5)?
-9
Suppose 5*h + 45 = 893*m - 894*m, 4*h + 5*m + 78 = 0. Let p(c) be the first derivative of c**3/3 + 5*c**2/2 - 8*c + 1. Determine p(h).
6
Let k(p) = -p**2 - 8*p - 10. Suppose 6*w - 449 = -371. Suppose -w*x - 240 = -162. Calculate k(x).
2
Let k(m) = -m**2 - 39*m + 2067. Let o be k(30). Let j(g) = -31*g - 93. Give j(o).
0
Let q(t) = t**3 + 14*t**2 - 32*t + 13. Let i(f) = f**3 - 67*f**2 + 817*f - 67. Let k be i(51). Calculate q(k).
13
Let o(z) = -8*z - 2. Let s = -58 - -73. Let m be ((-2)/3)/(s/45). Give o(m).
14
Let w = -3 + 98. Let i = -95 + w. Suppose i = a - 21*a - 120. Let r(m) = -m - 1. Determine r(a).
5
Let t(s) be the third derivative of -s**5/60 + s**4/4 + s**3/2 - 19*s**2 + 32*s. What is t(3)?
12
Let k(m) = -14 - 10*m**2 + 27*m**2 - 1 - 3*m. Let l(j) = 12*j**2 - 2*j - 10. Let t(g) = -5*k(g) + 7*l(g). Give t(0).
5
Let t be (-24)/6 + 2 + (6 - 3). Let p(k) be the second derivative of -3*k**5/4 - k**4/6 + k**2/2 + 3*k. Calculate p(t).
-16
Let h(a) be the first derivative of -2*a**3/3 - 8*a**2 + 6*a + 3973. What is h(-7)?
20
Let q(g) = -13*g**2 + 29*g + 4. Let u(j) = 5*j**2 - 13*j - 2. Let h(c) = -3*q(c) - 7*u(c). Calculate h(-4).
50
Let o be 2/((-14)/21) - (-9 + -3). Let h(j) = -8*j**2 + 72*j - 3. What is h(o)?
-3
Suppose 0 = 2*n - 5*t + 2, -4*n + 5*t = -2 + 6. Suppose 13*b - 10*b - 27 = 0. Let c(p) = -7*p - 8. Let v(l) = 15*l + 18. Let u(d) = b*c(d) + 4*v(d). Give u(n).
3
Let z(j) = j - 4*j + 0*j + 2*j**2 + j + 3*j - 1. Give z(-4).
27
Let g(r) be the third derivative of r**5/60 - 5*r**4/12 + 7*r**3/2 - 4*r**2 - 85. What is g(8)?
5
Let v(q) = -434*q**2 + 464*q**2 + 16 - q - 37 + 20. Determine v(1).
28
Let w be ((-108)/(-135))/(4/30*-3). Let p be w*((-19)/2 - -5). Let i(k) = -k + 1. Give i(p).
-8
Let r(z) = 4*z**2 - 4 + 4 - z. Let s(n) = -n**2 - 27*n - 49. Let u be (-1 + (-9)/(-6))*-50. Let f be s(u). Determine r(f).
3
Suppose 3*r + 44*o - 40*o + 27 = 0, 16*o - 147 = 3*r. Let d(y) = -y**3 - 16*y**2 + 18*y + 10. Calculate d(r).
-7
Let c(m) = 972*m + 235. Let x(i) = 417*i + 118. Let k(o) = -3*c(o) + 7*x(o). Give k(-46).
-17
Let i(d) = d**2 - 4*d - 6. Let h be 10/(-45) + (256/18)/1. Let b be -262*1/(-14) + 4/h. Suppose -2*q = -b + 7. Give i(q).
6
Let d be (24/20)/((-220)/(-550)). Let h(t) = -3*t**2 - t + 1. Determine h(d).
-29
Let u(v) = v**2 + 380*v - 2712. Let j be u(7). Let o(f) = 3*f - 9. Give o(j).
-18
Let f(t) = -12*t**3 - 4*t**2 + 2*t. Let b be f(1). Let k(j) be the third derivative of -j**6/120 - 13*j**5/60 + 13*j**4/24 - 19*j**3/6 + 451*j**2. What is k(b)?
-5
Let y(k) = 5*k + 16. Let s be y(-2). Let q(a) = 2*a - 9. Let m be q(s). Suppose 16 = -2*i - t, 3*i = 2*t - m*t - 22. Let f(l) = -4*l - 1. Determine f(i).
23
Let r(v) = 28*v**2 + 91*v - 111. Let u(b) = -10*b**2 - 33*b + 37. Let s(n) = -6*r(n) - 17*u(n). Give s(-7).
30
Let j = -148 + 142. Let u(r) be the third derivative of r**6/120 + 7*r**5/60 + r**4/8 - r**3 + 18*r**2 + 3*r. Give u(j).
12
Let j be (-56)/(-4)*2/7. Suppose 0 = j*m - 4, -4*t = 3*m - 41 + 10. Let g(q) = -2*q - 1. Let s(r) = 11*r - 7. Let w(h) = 5*g(h) + s(h). What is w(t)?
-5
Let p(m) = 37*m**3 + m**2 + m + 1. Let y(w) = 13*w**2 - 2*w - 1. Let h be y(0). Give p(h).
-36
Suppose 0*v = -v + 2. Suppose -4*c + 14*c = 3*c. Let m(u) = 0*u + 2*u + 1716 + c*u - 1716. What is m(v)?
4
Let f(g) be the first derivative of -g**4/4 - 2*g**3 + 9*g**2/2 + 6*g - 10639. Give f(-6).
-48
Let k(f) be the first derivative of -19*f + 2*f**2 + 29 + 1/3*f**3. Let c(m) be the first derivative of k(m). What is c(-3)?
-2
Let k(x) be the third derivative of -x**5/60 - 3*x**4/8 - 3*x**3/2 + 5*x**2. Let i = -94 + 97. Suppose -i*g - 22 = 3*t + g, -4*t + 5*g - 19 = 0. Calculate k(t).
9
Let t = 244 + -231. Suppose 31 + t = -11*o. Let s(d) = -d**3 - 4*d**2 + 4. Give s(o).
4
Let l(o) be the third derivative of 0 + 1/8*o**4 + 0*o + 412*o**2 - 5/6*o**3. Let q(r) = 4*r**2. Let t be q(-1). Give l(t).
7
Let t = -262 + 377. Let j(k) = -114*k + k**2 - 2*k**2 + 222*k - 1 - t*k. What is j(-6)?
5
Let t(j) = 234 - j**2 + 237 + 244 - 943 - 2*j + 240. Calculate t(0).
12
Let f = 89 - 59. Suppose -19*w - 6 = -22*w, -2*w = 2*r - f. Let z(o) be the first derivative of -o**2/2 + 16*o + 2. Give z(r).
3
Let n = 189 + -130. Let y = -54 + n. Suppose 3*x - 2*b = -7*b, -y*x - 3*b + 16 = 0. Let s(u) = u**3 - 4*u**2 - 2*u + 2. What is s(x)?
17
Let n(t) = -t**3 + 3*t**2 + 5*t - 1. Let q be n(4). Suppose 3*p - 2*p + q*c = 38, 2*p - 21 = 5*c. Let v = -21 + p. Let a(l) = l**2 + 1. What is a(v)?
5
Let x(g) = g**3 + 10*g**2 - g - 12. Let z be (-3)/7 + 62/14. Suppose 4*q + 38 = -2*u, -z*q + 24 = -3*u + 67. Give x(q).
-2
Let c(s) be the third derivative of 0*s + 49*s**2 + 1/12*s**4 + 0 + 1/6*s**3. Determine c(0).
1
Let t be -44 + (-8860)/(-200) - 47/(-10). Let y(v) = -v**3 + 5*v**2 + 6*v - 22. Give y(t).
8
Let k be -8 + 0 + 11 - 20/8. Let c(d) be the first derivative of -10 - 12*d - k*d**2. Give c(0).
-12
Suppose 0 = l + 76 - 13. Let z be l/9 - 1*-4. Let m be -9*(20/15 + 2 + z). Let h(n) = -n**3 - 3*n**2 + n + 2. Give h(m).
-1
Let k(s) = -s**2 + 20*s - 23. Let c = 2423 + -2404. Give k(c).
-4
Let c = -244 + 247. Suppose -5 = -5*u, c*i - 2*u = 8*i - 42. Let v(j) = -j + 10. What is v(i)?
2
Let l be (-174)/(-435)*(-10)/(-8). Let k(m) be the first derivative of 3*m + 6 - 1/3*m**3 + l*m**2. Give k(0).
3
Let u be (-38 + 33)*6/(-15). Suppose v = -2*v - u*z + 4, 0 = 4*v + 4*z - 4. Let n(x) = -x + 1. Determine n(v).
-1
Suppose -2*u - 25 = 5*s, -3*s - 19 = 2*u - 0*s. Let c = -5 - u. Let a(q) = 10*q - 22. Let p(w) = -9*w + 20. Let b(k) = -8*a(k) - 9*p(k). Determine b(c).
-4
Let k(v) = 3*v + 15. Suppose -2*s - 5*q = 5, 4*s + 15*q - 19*q - 4 = 0. What is k(s)?
15
Let j(i) be the second derivative of -i**3/6 + i**2 + i. Suppose 22*k - 77 = -33. Suppose k*q + 5*t + 19 = 0, 4*t - 16 + 20 = 4*q. Give j(q).
4
Let k(v) = 25 + 16 + 4*v - 37 - 3*v. Let z(g) be the third derivative of g**6/120 + g**5/60 + g**4/24 - 5*g**3/6 + 6*g**2. Let a be z(0). Give k(a).
-1
Suppose 24*f - 15*f - 90 = 0. Suppose -f = -h - 4. Let u(x) be the second derivative of -x**5/20 + 7*x**4/12 - 7*x**3/6 - 3*x**2 + 2*x. Give u(h).
-12
Let g be 119/13 + (-2)/13. Let n(q) = 24*q**2 - 13*q - 4. Let f(s) = 2036*s - 1021*s - 1 - 1018*s + 6*s**2. Let b(x) = g*f(x) - 2*n(x). Determine b(-1).
6
Let d = -15 - -21. Let j be 4 - ((-1 - 3) + d). Let l(n) be the second derivative of n**4/12 + n**3/3 - n**2 + 181*n + 2. Give l(j).
6
Suppose x - 14 = 3*r + 2*x, -5*r - 38 = -2*x. Let d(n) = 8*n + 12. Let p(w) = 1. Let u(o) = d(o) - 4*p(o). Give u(r).
-40
Let n(y) be the first derivative of -21*y**2 - 18 - 22 - 6*y + 12*y**2 + 10*y**2. Let w = -3 + 7. Calculate n(w).
2
Let o(n) = -6*n + 9. Suppose -5*k + k = 0, 2*s - k - 14 = 14. What is o(s)?
-75
Let k(h) = 5*h**2 + 13*h - 10. Let c(t) = t**2 + 11. Let v(q) = 4*c(q) - k(q). Give v(-16).
6
Let d(q) = q + 4. Let u = 88 - 69. Let g(k) = -2*k + 30. Let p be g(u). Let s be (3/p*6)/((-2)/(-8)). Give d(s).
-5
Suppose -10*u + 3*r + 165 = 8*u, 45 = 5*u - r. Let i(w) = -8*w - 74. Let z(g) = 3*g + 25. Let m(b) = -4*i(b) - 11*z(b). Give m(u).
11
Let g(n) = 37*n - 448. Let u be g(12). Let j(l) = l**2 + 6*l + 11. What is j(u)?
3
Let z(g) = -g**3 + 3*g**2 + g - 7. Let x(f) = 4 + 67 + 2*f - 72 - f**2. Let n(w) = -3*x(w) + z(w). Give n(3).
8
Suppose 4*o - 4*q - 24 = 0, 4*o + 4*q - 21 = 3*o. Suppose -o*f + 16 = -f. Suppose a + 3*t = t - 12, -t + 14 = -f*a. Let h(r) = r**2 + 